10) to base 7
-120634
-2b42 (base 12) to base 14
-1bd8
Convert -236630 (base 7) to base 14.
-11a50
Convert -10000010101110 (base 2) to base 7.
-33251
73134 (base 9) to base 4
23301202
138 (base 11) to base 7
321
232 (base 8) to base 10
154
What is -367 (base 8) in base 3?
-100011
3732 (base 9) to base 14
102b
Convert 3122 (base 6) to base 15.
318
Convert 42043 (base 5) to base 7.
11041
What is -14297 (base 10) in base 6?
-150105
2200 (base 3) to base 4
1020
-1a38a (base 11) to base 10
-28412
-11122122 (base 3) to base 13
-170c
Convert 33432 (base 5) to base 8.
4477
What is 10002201 (base 3) in base 10?
2260
-2a3 (base 11) to base 5
-2410
Convert -3152 (base 6) to base 11.
-5a1
What is 2001002200 (base 3) in base 16?
9ce7
What is 402 (base 7) in base 10?
198
100111110001100 (base 2) to base 8
47614
653 (base 11) to base 10
784
What is 10320 (base 5) in base 16?
2c6
Convert -687 (base 13) to base 11.
-933
-434122 (base 5) to base 3
-202110022
3a6 (base 14) to base 9
1005
Convert 8a66 (base 13) to base 4.
10232112
-33553 (base 6) to base 10
-4749
What is 248 (base 10) in base 15?
118
6a66 (base 11) to base 4
2100310
What is 2512 (base 13) in base 10?
5254
What is -200001 (base 4) in base 9?
-2726
-98c1 (base 15) to base 8
-77144
194b (base 12) to base 15
da8
Convert 1413 (base 6) to base 8.
561
Convert -1000011 (base 2) to base 13.
-52
Convert 11002200 (base 3) to base 14.
1136
-23032 (base 4) to base 2
-1011001110
Convert -1330 (base 6) to base 11.
-291
-2012010120 (base 3) to base 7
-236451
What is db (base 15) in base 6?
542
Convert 1141 (base 6) to base 10.
277
What is 1251 (base 8) in base 11?
56a
What is 799 (base 12) in base 4?
101211
What is -21777 (base 12) in base 7?
-243103
-14842 (base 9) to base 16
-27b3
Convert 3139 (base 12) to base 14.
1d5b
What is -1450 (base 7) in base 14?
-2d0
-42301 (base 9) to base 12
-1420a
-1012200 (base 3) to base 2
-1101110010
What is -366 (base 11) in base 8?
-663
-357 (base 10) to base 11
-2a5
Convert -110111100 (base 2) to base 8.
-674
Convert -3c3 (base 13) to base 3.
-220200
Convert -4451 (base 6) to base 9.
-1374
Convert -1220123 (base 4) to base 5.
-203213
What is -21143 (base 9) in base 14?
-513d
What is -1010000001011 (base 2) in base 13?
-2449
What is 101 (base 13) in base 9?
208
Convert 12111002 (base 3) to base 5.
111443
-6193 (base 11) to base 2
-10000000010001
Convert 15223 (base 10) to base 11.
1048a
What is 508 (base 13) in base 7?
2326
What is -7367 (base 8) in base 16?
-ef7
What is ed (base 16) in base 9?
283
What is 21063 (base 9) in base 10?
13908
-100222 (base 3) to base 4
-10031
14c8 (base 13) to base 14
116d
What is -119 (base 16) in base 2?
-100011001
Convert -b7 (base 16) to base 15.
-c3
-34200 (base 8) to base 14
-53b2
120012 (base 3) to base 12
2a2
1122212020 (base 3) to base 6
411223
-11443 (base 7) to base 5
-43341
Convert -1000110101001 (base 2) to base 12.
-2749
What is -11012210 (base 3) in base 15?
-d9c
What is 9a5 (base 16) in base 12?
1519
Convert -4193 (base 14) to base 4.
-2300211
1334 (base 5) to base 2
11011011
639 (base 10) to base 7
1602
What is -2002100102 (base 3) in base 13?
-1590b
What is -12610 (base 7) in base 15?
-100d
Convert 683 (base 9) to base 10.
561
Convert -5642 (base 13) to base 16.
-2f15
13022 (base 4) to base 6
2042
Convert 13516 (base 8) to base 2.
1011101001110
Convert 120000 (base 3) to base 5.
3110
What is -4e9 (base 15) in base 9?
-1473
What is 5587 (base 15) in base 6?
215531
Convert -7026 (base 9) to base 10.
-5127
Convert 227 (base 13) to base 10.
371
Convert -9218 (base 12) to base 4.
-3313310
35a1 (base 13) to base 5
220232
Convert -24843 (base 11) to base 3.
-1210212022
Convert 1122000 (base 3) to base 2.
10010100100
What is -aa54 (base 12) in base 16?
-4960
Convert -2ae4 (base 16) to base 4.
-2223210
34133 (base 6) to base 11
3682
Convert 374 (base 11) to base 8.
674
Convert -4334 (base 12) to base 3.
-101010111
What is -101000 (base 2) in base 6?
-104
Convert 22458 (base 12) to base 7.
246602
Convert 31612 (base 8) to base 15.
3d99
Convert 69 (base 14) to base 8.
135
Convert 201201101 (base 3) to base 9.
21641
What is -230310 (base 4) in base 16?
-b34
Convert 15021 (base 6) to base 13.
111a
-2a975 (base 12) to base 4
-32223221
-23aa (base 11) to base 13
-157c
Convert -4132 (base 16) to base 14.
-6122
What is 4a57 (base 11) in base 15?
1e4b
Convert -201012201 (base 3) to base 12.
-8131
Convert 3c11 (base 16) to base 13.
6ccb
Convert -9038 (base 13) to base 11.
-13989
Convert -11010 (base 3) to base 12.
-93
What is 5490 (base 13) in base 9?
17136
3045 (base 10) to base 2
101111100101
What is 56a4 (base 13) in base 5?
342013
What is -1100101110010 (base 2) in base 11?
-4992
Convert -b37e (base 15) to base 7.
-215360
-8 (base 9) to base 13
-8
3331 (base 4) to base 10
253
200003 (base 4) to base 12
122b
What is 40103 (base 6) in base 7?
21141
What is 303052 (base 6) in base 12?
11a88
What is 113223 (base 5) in base 16?
105c
Convert 41b (base 16) to base 15.
4a1
What is -202 (base 13) in base 4?
-11110
312102 (base 5) to base 7
41651
Convert -341133 (base 5) to base 4.
-2330023
What is -516 (base 12) in base 11?
-611
Convert -1100101001110 (base 2) to base 12.
-38ba
Convert 7614 (base 9) to base 8.
12742
-223123 (base 4) to base 8
-5333
What is -104251 (base 6) in base 14?
-3287
What is 242b (base 12) in base 16?
fe3
Convert 10111001101 (base 2) to base 8.
2715
-30570 (base 9) to base 7
-112515
21777 (base 9) to base 11
a981
What is 20212 (base 3) in base 4?
2321
2775 (base 8) to base 4
113331
4220 (base 10) to base 13
1bc8
Convert -c74c (base 14) to base 16.
-8640
-cd (base 14) to base 11
-155
142320 (base 6) to base 5
413022
What is -367 (base 10) in base 12?
-267
Convert -10101000101 (base 2) to base 8.
-2505
Convert -440142 (base 5) to base 10.
-15047
What is 2132 (base 9) in base 2?
11000100000
What is -402231 (base 5) in base 12?
-7500
Convert -823 (base 9) to base 14.
-35b
What is -879 (base 14) in base 15?
-76a
Convert 323 (base 14) to base 5.
4434
13040 (base 5) to base 10
1020
What is 278 (base 13) in base 10?
437
What is 13001201 (base 4) in base 7?
146606
Convert 3a31 (base 12) to base 13.
3055
Convert -3938 (base 14) to base 8.
-23476
-1614 (base 9) to base 7
-3403
Convert 1035 (base 12) to base 3.
2102112
-723 (base 8) to base 15
-212
Convert -121003 (base 4) to base 14.
-827
5573 (base 13) to base 14
44ba
Convert -10102 (base 3) to base 12.
-78
Convert -1644 (base 7) to base 6.
-3033
Convert -a37 (base 11) to base 9.
-1638
What is -10002100 (base 3) in base 12?
-1376
Convert 10774 (base 9) to base 16.
1c1b
What is 41 (base 10) in base 9?
45
What is 1a1 (base 13) in base 16?
12c
Convert 11562 (base 16) to base 2.
10001010101100010
Convert 223 (base 13) to base 3.
111121
Convert -10021211 (base 3) to base 14.
-c34
Convert 164c (base 16) to base 10.
5708
-105 (base 10) to base 3
-10220
2440 (base 5) to base 16
172
Convert -33432 (base 8) to base 14.
-51d8
What is 26 (base 8) in base 11?
20
-22 (base 12) to base 3
-222
What is -8a66 (base 11) in base 7?
-46532
25b5 (base 15) to base 8
17555
7245 (base 13) to base 2
11110110011110
What is -395 (base 16) in base 10?
-917
Convert -1011240 (base 6) to base 5.
-3021024
What is 23478 (base 11) in base 5?
2040334
What is 4a9 (base 14) in base 13?
56a
What is 150355 (base 6) in base 14?
5367
141534 (base 6) to base 10
13378
-129d1 (base 15) to base 7
-335515
45 (base 8) to base 12
31
Convert 2cb (base 14) to base 13.
34c
Convert 10000100110 (base 2) to base 11.
886
-210110202 (base 3) to base 12
-9085
What is 130423 (base 5) in base 16?
13f9
What is 884 (base 15) in base 3?
2122021
Convert -13b6 (base 13) to base 9.
-3820
Convert 44176 (base 8) to base 14.
6a98
Convert -10313 (base 5) to base 2.
-1011000100
12301 (base 4) to base 13
274
What is 3423022 (base 5) in base 2?
1110111001010100
What is -18167 (base 12) in base 16?
-87df
What is 5815 (base 11) in base 12?
4507
Convert -16628 (base 11) to base 2.
-101101101010111
-2612 (base 8) to base 15
-648
-361 (base 9) to base 14
-174
200000 (base 3) to base 11
402
What is -44b (base 12) in base 13?
-39b
What is -425 (base 6) in base 10?
-161
What is -30362 (base 7) in base 3?
-101010212
Convert -121 (base 7) to base 12.
-54
b2 (base 14